6696950 and 83.
83
Calculate the highest common divisor of 2130 and 56603330.
710
What is the greatest common factor of 19532 and 747613?
257
What is the highest common factor of 8959 and 160766?
31
Calculate the greatest common factor of 29783 and 1766622.
377
What is the greatest common factor of 102080 and 8848?
16
What is the greatest common divisor of 629682 and 156?
6
What is the highest common divisor of 355121692 and 1282?
1282
What is the greatest common factor of 648 and 2082744?
72
What is the greatest common factor of 35967 and 752457?
57
What is the greatest common divisor of 2538298782 and 36?
18
What is the highest common factor of 3843 and 310917?
183
Calculate the greatest common factor of 161 and 18599042.
161
What is the highest common factor of 96750 and 113250?
750
Calculate the greatest common divisor of 92822 and 24.
2
Calculate the highest common factor of 119 and 10640776.
17
What is the greatest common divisor of 66474038 and 41?
41
Calculate the greatest common divisor of 4 and 1490452.
4
What is the greatest common divisor of 1807083 and 5967?
459
What is the greatest common divisor of 15042434 and 4202?
22
Calculate the highest common divisor of 69053625 and 2250.
1125
Calculate the highest common divisor of 12182954 and 42.
14
Calculate the highest common factor of 157592212 and 7374.
2458
What is the highest common factor of 714899363 and 46?
23
What is the greatest common factor of 41202 and 77364?
126
What is the greatest common divisor of 48 and 624138456?
24
Calculate the highest common factor of 63383 and 1887551.
263
What is the greatest common factor of 283615945 and 95?
95
What is the greatest common factor of 4627 and 4564?
7
Calculate the highest common divisor of 72 and 15257727.
9
Calculate the greatest common factor of 605 and 5922785.
55
What is the highest common divisor of 1365 and 82037410?
455
Calculate the highest common divisor of 519912 and 380538.
1566
What is the greatest common factor of 18254284 and 31892?
268
Calculate the greatest common divisor of 506 and 24927837.
253
What is the highest common divisor of 15493991 and 20530?
2053
Calculate the highest common factor of 927297 and 10701.
369
What is the highest common divisor of 2277 and 29538279?
207
Calculate the greatest common divisor of 742 and 1262814.
14
Calculate the highest common divisor of 1294020 and 185913.
819
What is the highest common divisor of 88865307 and 17?
17
Calculate the highest common divisor of 22385 and 151774777.
4477
Calculate the highest common factor of 784925 and 2.
1
What is the highest common factor of 639 and 3351342?
213
What is the highest common factor of 272064 and 11894298?
8502
What is the highest common divisor of 49560321 and 289?
289
What is the highest common factor of 1695 and 6370827?
339
What is the highest common divisor of 835079504 and 14?
14
Calculate the highest common divisor of 564 and 1803703302.
282
What is the greatest common divisor of 4269634 and 474?
158
What is the greatest common divisor of 216200 and 11985?
235
What is the highest common factor of 12 and 2429188?
4
Calculate the greatest common divisor of 1461954 and 221.
13
Calculate the highest common factor of 46 and 21192200.
46
What is the highest common factor of 1189045 and 8019?
11
Calculate the highest common factor of 7388788 and 91388.
1364
What is the greatest common factor of 22085 and 193717?
631
What is the highest common factor of 7512300 and 612?
612
What is the greatest common factor of 124821 and 7061?
23
What is the highest common divisor of 12867844 and 44?
44
Calculate the highest common factor of 1641332 and 6643.
511
Calculate the highest common divisor of 43258145 and 14.
7
Calculate the highest common divisor of 43912 and 2748492.
1996
What is the greatest common divisor of 1039960494 and 36?
18
What is the greatest common factor of 3514 and 143178?
14
Calculate the highest common factor of 30256868 and 13547.
713
What is the highest common factor of 2182070 and 28490?
110
Calculate the highest common factor of 60 and 80620160.
20
What is the highest common factor of 91124532 and 132?
12
Calculate the greatest common factor of 3208248 and 1377.
81
Calculate the greatest common factor of 1343879 and 15824.
43
Calculate the greatest common factor of 11799 and 4426677.
513
What is the highest common factor of 96 and 13420736?
32
Calculate the greatest common divisor of 623 and 32900.
7
What is the highest common divisor of 16 and 4947945776?
16
Calculate the greatest common divisor of 3550 and 20382325.
1775
Calculate the highest common divisor of 46859 and 19082.
47
Calculate the highest common factor of 774 and 5161462.
86
Calculate the highest common divisor of 166 and 2879021.
83
Calculate the greatest common divisor of 745155 and 6281.
571
What is the greatest common factor of 178 and 478553?
89
Calculate the highest common divisor of 4842909 and 99.
9
Calculate the greatest common factor of 13 and 114063664.
13
What is the highest common factor of 8882657 and 24409?
2219
What is the greatest common factor of 259 and 247779?
7
Calculate the greatest common factor of 46519760 and 800.
80
What is the greatest common divisor of 6999712 and 86?
86
What is the highest common factor of 3624930 and 1580?
10
What is the highest common divisor of 196783 and 33022?
19
Calculate the greatest common divisor of 106743 and 1321614.
357
What is the highest common divisor of 758 and 84014825?
379
What is the greatest common factor of 90333 and 150625259?
10037
Calculate the highest common factor of 108 and 42033372.
12
Calculate the greatest common factor of 113107 and 7049.
19
Calculate the greatest common factor of 426 and 1450104.
426
What is the highest common factor of 3168 and 2836152?
792
Calculate the greatest common factor of 191068402 and 1070.
214
What is the greatest common divisor of 337 and 135453443?
337
Calculate the greatest common divisor of 1193807 and 113601.
1993
What is the highest common divisor of 103712990 and 3190?
290
Calculate the greatest common factor of 7926 and 27088426.
2642
Calculate the highest common divisor of 19470 and 24775870.
590
What is the greatest common factor of 37012 and 70161116?
1948
What is the greatest common factor of 96 and 6023016?
24
Calculate the highest common divisor of 476 and 684284.
68
What is the greatest common factor of 192523160 and 18760?
2680
What is the greatest common divisor of 1098352673 and 649?
649
What is the highest common factor of 4826 and 52451?
127
What is the greatest common divisor of 6 and 25804?
2
What is the highest common factor of 201 and 338436363?
201
What is the highest common factor of 59680 and 6603965?
1865
What is the greatest common factor of 9555 and 142233?
273
Calculate the greatest common factor of 68 and 1353404.
68
What is the greatest common divisor of 432 and 5214944?
16
What is the highest common factor of 169340922 and 216?
54
What is the highest common factor of 3747 and 616996008?
3747
Calculate the highest common divisor of 1110 and 1183330.
10
Calculate the highest common divisor of 3164260 and 54340.
4180
Calculate the greatest common factor of 4328 and 219107164.
2164
What is the highest common factor of 112130 and 147270?
10
Calculate the greatest common factor of 35893 and 34463.
143
What is the highest common factor of 3937 and 216287?
31
What is the greatest common divisor of 172563 and 1473?
3
Calculate the highest common divisor of 28251 and 17521898.
3139
Calculate the highest common factor of 113 and 27091185.
113
What is the highest common factor of 2676 and 10914066?
1338
What is the greatest common divisor of 1464 and 6915468?
12
Calculate the greatest common divisor of 21030 and 494235.
15
What is the greatest common divisor of 2817444 and 13944?
84
Calculate the greatest common factor of 205138173 and 138.
69
What is the greatest common factor of 14223 and 933801?
33
Calculate the highest common divisor of 32162 and 4.
2
What is the greatest common divisor of 120 and 10632540?
60
What is the highest common factor of 570817052 and 4?
4
Calculate the highest common divisor of 23238898 and 623277.
3011
What is the greatest common divisor of 471624 and 3250184?
3656
Calculate the highest co